{"id":1243,"date":"2021-10-01T13:24:39","date_gmt":"2021-10-01T13:24:39","guid":{"rendered":"https:\/\/sappan-project.eu\/?page_id=1243"},"modified":"2022-01-18T13:27:54","modified_gmt":"2022-01-18T13:27:54","slug":"blog-posts","status":"publish","type":"page","link":"https:\/\/sappan-project.eu\/?page_id=1243","title":{"rendered":"Blog Posts"},"content":{"rendered":"\t\t<div data-elementor-type=\"wp-page\" data-elementor-id=\"1243\" class=\"elementor elementor-1243\">\n\t\t\t\t\t\t<section class=\"elementor-section elementor-top-section elementor-element elementor-element-ed7955d elementor-section-boxed elementor-section-height-default elementor-section-height-default\" data-id=\"ed7955d\" data-element_type=\"section\" data-e-type=\"section\">\n\t\t\t\t\t\t<div class=\"elementor-container elementor-column-gap-default\">\n\t\t\t\t\t<div class=\"elementor-column elementor-col-100 elementor-top-column elementor-element elementor-element-4579adb\" data-id=\"4579adb\" data-element_type=\"column\" data-e-type=\"column\">\n\t\t\t<div class=\"elementor-widget-wrap elementor-element-populated\">\n\t\t\t\t\t\t<div class=\"elementor-element elementor-element-ea8ed3a elementor-grid-1 elementor-grid-tablet-2 elementor-grid-mobile-1 elementor-widget elementor-widget-elementor-blog-posts\" data-id=\"ea8ed3a\" data-element_type=\"widget\" data-e-type=\"widget\" data-settings=\"{&quot;columns&quot;:&quot;1&quot;,&quot;columns_tablet&quot;:&quot;2&quot;,&quot;columns_mobile&quot;:&quot;1&quot;}\" data-widget_type=\"elementor-blog-posts.default\">\n\t\t\t\t<div class=\"elementor-widget-container\">\n\t\t\t\t\t\t\t<div class=\"wpcap-grid\">\n\t\t\t\t\t\t<div class=\"wpcap-grid-container elementor-grid wpcap-grid-desktop-1 wpcap-grid-tablet-2 wpcap-grid-mobile-1 grid-meta-bottom\">\n\n\t\t\t\t\n        <article id=\"post-1699\" class=\"wpcap-post post-1699 post type-post status-publish format-standard hentry category-blog-post\">\n         \n            <div class=\"post-grid-inner\">\n            \t\n            \t\n                <div class=\"post-grid-text-wrap\">\n               \t\t\t\t<h3 class=\"title\">\n\t\t\t<a href=\"https:\/\/sappan-project.eu\/?p=1699\">For security analysts, a picture may be worth more than a thousand words<\/a>\n\t\t<\/h3>\n\t\t\t                \t\t<div class=\"post-grid-excerpt\">\n\t\t\t<p>Dmitriy Komashinskiy and Andrew Patel (WithSecure) In SAPPAN, we have developed several models for detecting anomalous events in endpoints. For example, we have built a model for identifying anomalous process launch events and a model for identifying anomalous \u201cmodule load\u201d operations. In order to increase the reliability of detections reported by the models and to&hellip;<\/p>\n\t\t<\/div>\n\t\t\t                \t\t<a class=\"read-more-btn\" href=\"https:\/\/sappan-project.eu\/?p=1699\">Read More \u00bb<\/a>\n\t\t                <\/div>\n\n                \t\t<div class=\"post-grid-meta\">\n\t\t\t\n\t\t\t\t<span class=\"post-date\"><time datetime=\"2022-04-06T12:03:38+00:00\">April 6, 2022<\/time><\/span>\n\n\t\t\t\t\t\t<\/div>\n\t\t\n            <\/div><!-- .blog-inner -->\n           \n        <\/article>\n\n        \n        <article id=\"post-1683\" class=\"wpcap-post post-1683 post type-post status-publish format-standard hentry category-blog-post\">\n         \n            <div class=\"post-grid-inner\">\n            \t\n            \t\n                <div class=\"post-grid-text-wrap\">\n               \t\t\t\t<h3 class=\"title\">\n\t\t\t<a href=\"https:\/\/sappan-project.eu\/?p=1683\">Modeling Host Behavior in Computer Network<\/a>\n\t\t<\/h3>\n\t\t\t                \t\t<div class=\"post-grid-excerpt\">\n\t\t\t<p>By Tomas Jirsik (Institute of Computer Science, Masaryk University) An analysis of a host behavior is an essential key for modern network management and security. A robust behavior profile enables the network managers to detect anomalies with high accuracy, predict the host behavior, or group host to clusters for better management. This blog introduces basic&hellip;<\/p>\n\t\t<\/div>\n\t\t\t                \t\t<a class=\"read-more-btn\" href=\"https:\/\/sappan-project.eu\/?p=1683\">Read More \u00bb<\/a>\n\t\t                <\/div>\n\n                \t\t<div class=\"post-grid-meta\">\n\t\t\t\n\t\t\t\t<span class=\"post-date\"><time datetime=\"2022-04-01T10:42:06+00:00\">April 1, 2022<\/time><\/span>\n\n\t\t\t\t\t\t<\/div>\n\t\t\n            <\/div><!-- .blog-inner -->\n           \n        <\/article>\n\n        \n        <article id=\"post-1594\" class=\"wpcap-post post-1594 post type-post status-publish format-standard hentry category-blog-post\">\n         \n            <div class=\"post-grid-inner\">\n            \t\n            \t\n                <div class=\"post-grid-text-wrap\">\n               \t\t\t\t<h3 class=\"title\">\n\t\t\t<a href=\"https:\/\/sappan-project.eu\/?p=1594\">Analytic provenance for security operation centres<\/a>\n\t\t<\/h3>\n\t\t\t                \t\t<div class=\"post-grid-excerpt\">\n\t\t\t<p>Robert Rapp (University of Stuttgart) An important part of incident response is still an analytical process to understand the cause of an incident and select response actions. Using therefore visualisations in security operation centres (SOC) can improve the alert triage of analysts by visual analytics to handle tons of alerts each day. Such an analysis&hellip;<\/p>\n\t\t<\/div>\n\t\t\t                \t\t<a class=\"read-more-btn\" href=\"https:\/\/sappan-project.eu\/?p=1594\">Read More \u00bb<\/a>\n\t\t                <\/div>\n\n                \t\t<div class=\"post-grid-meta\">\n\t\t\t\n\t\t\t\t<span class=\"post-date\"><time datetime=\"2022-02-04T17:22:38+00:00\">February 4, 2022<\/time><\/span>\n\n\t\t\t\t\t\t<\/div>\n\t\t\n            <\/div><!-- .blog-inner -->\n           \n        <\/article>\n\n        \n        <article id=\"post-1435\" class=\"wpcap-post post-1435 post type-post status-publish format-standard hentry category-blog-post\">\n         \n            <div class=\"post-grid-inner\">\n            \t\n            \t\n                <div class=\"post-grid-text-wrap\">\n               \t\t\t\t<h3 class=\"title\">\n\t\t\t<a href=\"https:\/\/sappan-project.eu\/?p=1435\">Challenges in Visualization for AI<\/a>\n\t\t<\/h3>\n\t\t\t                \t\t<div class=\"post-grid-excerpt\">\n\t\t\t<p>By Franziska Becker (University of Stuttgart, Institute for Visualization and Interactive Systems) Artificial intelligence (AI) is one of the buzzwords that defined many conversations in the last 5-10 years. Especially in regards to technology, \u201cCan we use AI to improve our product?\u201d is not an uncommon question. With these conversations come issues concerning interpretability and&hellip;<\/p>\n\t\t<\/div>\n\t\t\t                \t\t<a class=\"read-more-btn\" href=\"https:\/\/sappan-project.eu\/?p=1435\">Read More \u00bb<\/a>\n\t\t                <\/div>\n\n                \t\t<div class=\"post-grid-meta\">\n\t\t\t\n\t\t\t\t<span class=\"post-date\"><time datetime=\"2022-01-01T02:06:00+00:00\">January 1, 2022<\/time><\/span>\n\n\t\t\t\t\t\t<\/div>\n\t\t\n            <\/div><!-- .blog-inner -->\n           \n        <\/article>\n\n        \n        <article id=\"post-1428\" class=\"wpcap-post post-1428 post type-post status-publish format-standard hentry category-blog-post\">\n         \n            <div class=\"post-grid-inner\">\n            \t\n            \t\n                <div class=\"post-grid-text-wrap\">\n               \t\t\t\t<h3 class=\"title\">\n\t\t\t<a href=\"https:\/\/sappan-project.eu\/?p=1428\">Datasets Quality Assessment For Machine Learning<\/a>\n\t\t<\/h3>\n\t\t\t                \t\t<div class=\"post-grid-excerpt\">\n\t\t\t<p>By Dominik Soukup (CESNET) Have you ever heard about Machine learning (ML)? Probably yes, ML is a popular technique for network traffic classification and incident detection. However, have you ever heard about evaluating the quality of datasets (QoD)? QoD is becoming more important with deployment ML in production, and project SAPPAN contributes to this topic.&hellip;<\/p>\n\t\t<\/div>\n\t\t\t                \t\t<a class=\"read-more-btn\" href=\"https:\/\/sappan-project.eu\/?p=1428\">Read More \u00bb<\/a>\n\t\t                <\/div>\n\n                \t\t<div class=\"post-grid-meta\">\n\t\t\t\n\t\t\t\t<span class=\"post-date\"><time datetime=\"2021-12-01T17:13:06+00:00\">December 1, 2021<\/time><\/span>\n\n\t\t\t\t\t\t<\/div>\n\t\t\n            <\/div><!-- .blog-inner -->\n           \n        <\/article>\n\n        \n        <article id=\"post-1321\" class=\"wpcap-post post-1321 post type-post status-publish format-standard hentry category-blog-post\">\n         \n            <div class=\"post-grid-inner\">\n            \t\n            \t\n                <div class=\"post-grid-text-wrap\">\n               \t\t\t\t<h3 class=\"title\">\n\t\t\t<a href=\"https:\/\/sappan-project.eu\/?p=1321\">Detecting suspicious *.ch-domains using deep neural networks<\/a>\n\t\t<\/h3>\n\t\t\t                \t\t<div class=\"post-grid-excerpt\">\n\t\t\t<p>By Mischa Obrecht (Dreamlab Technologies AG Switzerland) The SAPPAN consortium has been researching several different use cases for new detection methods, such as the classification of phishing websites or algorithmically generated domains (AGDs). Both topics were tackled using deep neural network classifiers, achieving good accuracy on training and validation data mostly based on the English&hellip;<\/p>\n\t\t<\/div>\n\t\t\t                \t\t<a class=\"read-more-btn\" href=\"https:\/\/sappan-project.eu\/?p=1321\">Read More \u00bb<\/a>\n\t\t                <\/div>\n\n                \t\t<div class=\"post-grid-meta\">\n\t\t\t\n\t\t\t\t<span class=\"post-date\"><time datetime=\"2021-11-01T16:20:13+00:00\">November 1, 2021<\/time><\/span>\n\n\t\t\t\t\t\t<\/div>\n\t\t\n            <\/div><!-- .blog-inner -->\n           \n        <\/article>\n\n        \n        <article id=\"post-1269\" class=\"wpcap-post post-1269 post type-post status-publish format-standard hentry category-blog-post\">\n         \n            <div class=\"post-grid-inner\">\n            \t\n            \t\n                <div class=\"post-grid-text-wrap\">\n               \t\t\t\t<h3 class=\"title\">\n\t\t\t<a href=\"https:\/\/sappan-project.eu\/?p=1269\">Sharing of incident response playbooks<\/a>\n\t\t<\/h3>\n\t\t\t                \t\t<div class=\"post-grid-excerpt\">\n\t\t\t<p>By Martin \u017d\u00e1dn\u00edk (CESNET) As an incident handler, have you wondered whether the way how you deal with a cybersecurity incident can be improved, how others deal with the same issues, whether the handling can be automatized? If yes, you are not alone. There is a whole community working on a standard to express incident&hellip;<\/p>\n\t\t<\/div>\n\t\t\t                \t\t<a class=\"read-more-btn\" href=\"https:\/\/sappan-project.eu\/?p=1269\">Read More \u00bb<\/a>\n\t\t                <\/div>\n\n                \t\t<div class=\"post-grid-meta\">\n\t\t\t\n\t\t\t\t<span class=\"post-date\"><time datetime=\"2021-10-01T13:56:54+00:00\">October 1, 2021<\/time><\/span>\n\n\t\t\t\t\t\t<\/div>\n\t\t\n            <\/div><!-- .blog-inner -->\n           \n        <\/article>\n\n        \n\t\t\t<\/div>\n\t\t<\/div>\n\t\t\t\t\t\t<\/div>\n\t\t\t\t<\/div>\n\t\t\t\t\t<\/div>\n\t\t<\/div>\n\t\t\t\t\t<\/div>\n\t\t<\/section>\n\t\t\t\t<\/div>\n\t\t","protected":false},"excerpt":{"rendered":"<p>Challenges in Visualization for AI By Franziska Becker (University of Stuttgart, Institute for Visualization and Interactive Systems) Artificial intelligence (AI) is one of the buzzwords that defined many conversations in the last 5-10 years. Especially in regards to technology, \u201cCan we use AI to improve our product?\u201d is not an uncommon question. With these conversations&hellip;<\/p>\n","protected":false},"author":7,"featured_media":0,"parent":0,"menu_order":0,"comment_status":"closed","ping_status":"closed","template":"","meta":{"inline_featured_image":false,"footnotes":""},"coauthors":[],"class_list":["post-1243","page","type-page","status-publish","hentry","post"],"_links":{"self":[{"href":"https:\/\/sappan-project.eu\/index.php?rest_route=\/wp\/v2\/pages\/1243","targetHints":{"allow":["GET"]}}],"collection":[{"href":"https:\/\/sappan-project.eu\/index.php?rest_route=\/wp\/v2\/pages"}],"about":[{"href":"https:\/\/sappan-project.eu\/index.php?rest_route=\/wp\/v2\/types\/page"}],"author":[{"embeddable":true,"href":"https:\/\/sappan-project.eu\/index.php?rest_route=\/wp\/v2\/users\/7"}],"replies":[{"embeddable":true,"href":"https:\/\/sappan-project.eu\/index.php?rest_route=%2Fwp%2Fv2%2Fcomments&post=1243"}],"version-history":[{"count":22,"href":"https:\/\/sappan-project.eu\/index.php?rest_route=\/wp\/v2\/pages\/1243\/revisions"}],"predecessor-version":[{"id":1560,"href":"https:\/\/sappan-project.eu\/index.php?rest_route=\/wp\/v2\/pages\/1243\/revisions\/1560"}],"wp:attachment":[{"href":"https:\/\/sappan-project.eu\/index.php?rest_route=%2Fwp%2Fv2%2Fmedia&parent=1243"}],"wp:term":[{"taxonomy":"author","embeddable":true,"href":"https:\/\/sappan-project.eu\/index.php?rest_route=%2Fwp%2Fv2%2Fcoauthors&post=1243"}],"curies":[{"name":"wp","href":"https:\/\/api.w.org\/{rel}","templated":true}]}}